1562 and 22294?
142
What is the greatest common factor of 98980 and 540785?
35
What is the greatest common factor of 2072 and 6472328?
8
What is the greatest common divisor of 808 and 17734994?
202
What is the highest common factor of 205036 and 234?
26
What is the highest common factor of 551624 and 26500?
212
What is the greatest common divisor of 880 and 42845880?
440
Calculate the greatest common divisor of 6079320 and 405.
135
What is the greatest common factor of 468477 and 5?
1
What is the highest common divisor of 56240 and 8438812?
2812
Calculate the highest common factor of 57904 and 878144.
16
What is the highest common divisor of 8385 and 13067270?
215
Calculate the greatest common divisor of 23 and 2730617270.
23
What is the highest common divisor of 784 and 912184?
392
What is the highest common factor of 47008 and 348718?
226
What is the greatest common factor of 875 and 2857141?
7
Calculate the greatest common factor of 1071973 and 237307.
8183
What is the highest common factor of 16845 and 17718?
3
What is the greatest common divisor of 670425 and 28094?
1277
Calculate the highest common factor of 4025997 and 621.
27
What is the highest common factor of 60681291 and 391?
23
Calculate the highest common factor of 3400665 and 45.
15
What is the greatest common divisor of 7686 and 1183392?
126
Calculate the greatest common divisor of 9145996 and 1780.
356
What is the greatest common divisor of 2904 and 5701608?
264
What is the highest common factor of 160513 and 9815?
151
Calculate the greatest common divisor of 5427 and 49273353.
81
What is the highest common divisor of 17450096 and 213?
71
Calculate the highest common divisor of 443015 and 11649.
353
Calculate the highest common divisor of 14598 and 299514.
6
What is the greatest common divisor of 104208 and 13296?
48
Calculate the greatest common factor of 244 and 161881129.
61
What is the highest common divisor of 3572063 and 3047?
11
What is the highest common factor of 228017054 and 2766?
922
What is the highest common divisor of 18 and 1849278906?
18
Calculate the greatest common factor of 549 and 9522771.
183
What is the highest common divisor of 1581 and 1007717?
31
Calculate the highest common factor of 2184 and 970872.
168
What is the greatest common divisor of 3431704 and 19?
19
What is the greatest common divisor of 638 and 180558466?
638
What is the highest common divisor of 69809322 and 1848?
66
What is the greatest common divisor of 5005385 and 28?
7
What is the highest common factor of 10149 and 79203?
51
Calculate the highest common divisor of 67871 and 5.
1
What is the greatest common factor of 25624515 and 75?
15
What is the highest common divisor of 548 and 4523192?
548
What is the greatest common factor of 2768 and 899994094?
346
Calculate the highest common divisor of 2819610 and 2997.
81
What is the highest common divisor of 517305 and 1455?
15
What is the highest common factor of 6194 and 23865482?
6194
What is the highest common factor of 66 and 44798952?
66
What is the highest common factor of 132 and 2650812?
12
What is the highest common divisor of 219968 and 8834?
14
Calculate the greatest common factor of 49351896 and 528.
264
Calculate the greatest common divisor of 612 and 1511912.
68
Calculate the greatest common factor of 391727 and 23203418.
3661
Calculate the highest common factor of 37858613 and 2379.
793
What is the highest common factor of 957918 and 312?
78
What is the highest common factor of 2691 and 376389?
117
What is the greatest common divisor of 37775 and 1294927?
1511
What is the greatest common factor of 459630 and 865?
5
Calculate the greatest common factor of 167085 and 123610.
235
What is the highest common divisor of 7334 and 2061626?
386
What is the highest common divisor of 2221936 and 228?
76
Calculate the greatest common divisor of 1251 and 20568386.
139
Calculate the highest common factor of 9715737 and 670.
67
Calculate the highest common divisor of 51670121 and 184.
23
Calculate the highest common divisor of 526094838 and 3078.
3078
Calculate the greatest common divisor of 672 and 1111978.
14
Calculate the greatest common divisor of 41782836 and 2388.
2388
What is the highest common divisor of 14 and 286280736?
14
What is the greatest common divisor of 404 and 8395524?
404
What is the highest common divisor of 78953 and 24493?
7
Calculate the greatest common factor of 204 and 6541532.
68
Calculate the highest common factor of 110956307 and 8283.
2761
What is the highest common divisor of 455 and 13420995?
35
Calculate the highest common factor of 15003 and 9050143.
1667
What is the highest common divisor of 130359328 and 597?
199
Calculate the greatest common divisor of 141163672 and 15880.
3176
Calculate the greatest common factor of 14812380 and 792.
396
Calculate the highest common divisor of 178 and 6980003.
89
What is the greatest common divisor of 32 and 46179656?
8
Calculate the highest common divisor of 114 and 367756438.
38
What is the greatest common factor of 5279995 and 1575?
35
Calculate the greatest common divisor of 1133 and 634755.
11
What is the greatest common divisor of 179498 and 74110784?
4378
What is the highest common factor of 384101 and 165215?
191
What is the greatest common factor of 2344129 and 268?
67
Calculate the greatest common divisor of 14302202 and 2368.
74
What is the highest common divisor of 12735734 and 484?
242
Calculate the greatest common divisor of 58 and 4659024.
58
Calculate the highest common divisor of 2285632 and 28.
4
Calculate the greatest common factor of 49218 and 27755166.
3786
Calculate the greatest common divisor of 290350866 and 312.
78
What is the highest common divisor of 44 and 248389790?
22
What is the greatest common factor of 12309 and 18569059?
373
Calculate the highest common factor of 50 and 23102230.
10
Calculate the highest common divisor of 30 and 377992830.
30
What is the greatest common factor of 714 and 57341?
17
What is the highest common divisor of 18912234 and 2214?
246
What is the greatest common factor of 263 and 28766?
1
Calculate the greatest common divisor of 43 and 87475201.
43
Calculate the highest common divisor of 2928 and 23602242.
366
Calculate the greatest common divisor of 10323 and 1589631.
111
Calculate the greatest common factor of 94756771 and 519.
173
Calculate the highest common factor of 70 and 916755.
35
Calculate the greatest common divisor of 302 and 4786.
2
Calculate the highest common divisor of 1233 and 861045.
411
What is the greatest common divisor of 9372 and 31736716?
3124
Calculate the greatest common factor of 317 and 6843713.
317
What is the highest common divisor of 531930170 and 18190?
18190
Calculate the highest common divisor of 128 and 13551520.
32
What is the highest common divisor of 1946 and 342209938?
1946
Calculate the highest common factor of 239616 and 160032.
96
What is the highest common factor of 1435370 and 130?
10
What is the highest common factor of 2065946 and 190?
38
Calculate the highest common factor of 2709 and 1936677.
129
What is the highest common divisor of 9695126 and 2008?
502
Calculate the highest common factor of 91 and 2798874.
13
What is the greatest common divisor of 155 and 7749845?
155
What is the greatest common divisor of 310608 and 396?
36
Calculate the highest common factor of 1515126116 and 186.
62
Calculate the greatest common factor of 484 and 3518284.
44
What is the greatest common divisor of 20955 and 3392170?
635
What is the greatest common divisor of 26097186 and 12?
6
Calculate the greatest common divisor of 5440386 and 2.
2
What is the highest common divisor of 245493000 and 2250?
2250
What is the greatest common factor of 26722610 and 69570?
7730
What is the highest common divisor of 102 and 1334881140?
102
Calculate the greatest common factor of 8220 and 466980.
60
What is the highest common divisor of 8781494 and 992?
62
Calculate the greatest common divisor of 22005327 and 17.
17
What is the highest common factor of 8357335 and 65?
5
What is the highest common divisor of 15867 and 110034?
9
What is the greatest common divisor of 89 and 5788115?
89
What is the greatest common divisor of 2521 and 1243652157?
2521
Calculate the highest common factor of 36990 an